2?
1
What is the thousands digit of 11934?
1
What is the tens digit of 164?
6
What is the tens digit of 23037?
3
What is the ten thousands digit of 127104?
2
What is the units digit of 1186?
6
What is the tens digit of 1018?
1
What is the units digit of 13349?
9
What is the thousands digit of 48445?
8
What is the hundreds digit of 9071?
0
What is the tens digit of 8130?
3
What is the units digit of 38234?
4
What is the tens digit of 11808?
0
What is the ten thousands digit of 12856?
1
What is the tens digit of 12743?
4
What is the hundreds digit of 2460?
4
What is the hundreds digit of 5433?
4
What is the tens digit of 36552?
5
What is the units digit of 81523?
3
What is the thousands digit of 5247?
5
What is the tens digit of 16475?
7
What is the units digit of 20053?
3
What is the ten thousands digit of 17574?
1
What is the hundreds digit of 7108?
1
What is the units digit of 32225?
5
What is the tens digit of 17125?
2
What is the units digit of 548?
8
What is the units digit of 6028?
8
What is the hundreds digit of 116091?
0
What is the tens digit of 8897?
9
What is the tens digit of 868?
6
What is the tens digit of 2432?
3
What is the thousands digit of 3098?
3
What is the thousands digit of 24101?
4
What is the thousands digit of 1884?
1
What is the hundreds digit of 1637?
6
What is the tens digit of 86469?
6
What is the thousands digit of 96740?
6
What is the units digit of 4882?
2
What is the hundreds digit of 73832?
8
What is the thousands digit of 12243?
2
What is the units digit of 1339?
9
What is the tens digit of 1728?
2
What is the tens digit of 3975?
7
What is the hundreds digit of 52561?
5
What is the units digit of 5068?
8
What is the tens digit of 9045?
4
What is the tens digit of 116951?
5
What is the tens digit of 260?
6
What is the thousands digit of 20532?
0
What is the tens digit of 1003?
0
What is the ten thousands digit of 78072?
7
What is the tens digit of 458?
5
What is the tens digit of 42691?
9
What is the hundreds digit of 17145?
1
What is the units digit of 74595?
5
What is the units digit of 4962?
2
What is the units digit of 598?
8
What is the hundreds digit of 6854?
8
What is the units digit of 1110?
0
What is the thousands digit of 2065?
2
What is the hundreds digit of 1520?
5
What is the tens digit of 32072?
7
What is the tens digit of 82?
8
What is the thousands digit of 42329?
2
What is the units digit of 20054?
4
What is the units digit of 4297?
7
What is the hundreds digit of 44197?
1
What is the hundreds digit of 12941?
9
What is the hundreds digit of 390?
3
What is the hundreds digit of 130798?
7
What is the thousands digit of 1098?
1
What is the units digit of 36316?
6
What is the thousands digit of 16944?
6
What is the units digit of 2205?
5
What is the units digit of 534?
4
What is the hundreds digit of 107035?
0
What is the hundreds digit of 190?
1
What is the thousands digit of 27366?
7
What is the hundreds digit of 9350?
3
What is the tens digit of 467?
6
What is the thousands digit of 7124?
7
What is the hundreds digit of 54510?
5
What is the hundreds digit of 32363?
3
What is the tens digit of 1531?
3
What is the thousands digit of 62882?
2
What is the hundreds digit of 2864?
8
What is the units digit of 3452?
2
What is the units digit of 4204?
4
What is the units digit of 1673?
3
What is the tens digit of 92?
9
What is the thousands digit of 13904?
3
What is the tens digit of 21994?
9
What is the tens digit of 5776?
7
What is the hundreds digit of 1604?
6
What is the hundreds digit of 9596?
5
What is the thousands digit of 55893?
5
What is the tens digit of 879?
7
What is the units digit of 3348?
8
What is the units digit of 410?
0
What is the hundreds digit of 17990?
9
What is the units digit of 3505?
5
What is the hundreds digit of 276?
2
What is the hundreds digit of 435?
4
What is the thousands digit of 2640?
2
What is the hundreds digit of 3269?
2
What is the hundreds digit of 496?
4
What is the units digit of 167?
7
What is the tens digit of 1239?
3
What is the tens digit of 442?
4
What is the thousands digit of 200873?
0
What is the ten thousands digit of 89106?
8
What is the tens digit of 184790?
9
What is the thousands digit of 34813?
4
What is the tens digit of 6329?
2
What is the tens digit of 1344?
4
What is the hundreds digit of 1898?
8
What is the units digit of 50801?
1
What is the hundreds digit of 120398?
3
What is the thousands digit of 2898?
2
What is the ten thousands digit of 138626?
3
What is the tens digit of 1042?
4
What is the ten thousands digit of 51229?
5
What is the thousands digit of 1257?
1
What is the thousands digit of 1278?
1
What is the units digit of 1614?
4
What is the hundreds digit of 2464?
4
What is the units digit of 7861?
1
What is the tens digit of 16?
1
What is the ten thousands digit of 18715?
1
What is the units digit of 1543?
3
What is the thousands digit of 22666?
2
What is the units digit of 3905?
5
What is the hundreds digit of 1037?
0
What is the thousands digit of 3396?
3
What is the ten thousands digit of 13464?
1
What is the thousands digit of 5598?
5
What is the units digit of 356?
6
What is the hundreds digit of 70637?
6
What is the tens digit of 1234?
3
What is the tens digit of 39864?
6
What is the tens digit of 2043?
4
What is the hundreds digit of 7223?
2
What is the tens digit of 6760?
6
What is the hundreds digit of 3797?
7
What is the units digit of 34011?
1
What is the tens digit of 3777?
7
What is the tens digit of 97?
9
What is the tens digit of 557?
5
What is the hundreds digit of 4403?
4
What is the tens digit of 2998?
9
What is the tens digit of 50476?
7
What is the hundreds digit of 1864?
8
What is the units digit of 8861?
1
What is the ten thousands digit of 49606?
4
What is the hundreds digit of 1891?
8
What is the hundreds digit of 18539?
5
What is the tens digit of 7319?
1
What is the units digit of 37154?
4
What is the tens digit of 96181?
8
What is the ten thousands digit of 10812?
1
What is the hundreds digit of 22511?
5
What is the units digit of 1853?
3
What is the tens digit of 1879?
7
What is the tens digit of 14616?
1
What is the thousands digit of 6309?
6
What is the tens digit of 76107?
0
What is the units digit of 669?
9
What is the thousands digit of 6753?
6
What is the hundreds digit of 65903?
9
What is the units digit of 3755?
5
What is the hundreds digit of 19800?
8
What is the units digit of 12502?
2
What is the ten thousands digit of 91297?
9
What is the hundreds digit of 2930?
9
What is the thousands digit of 27605?
7
What is the ten thousands digit of 23954?
2
What is the hundreds digit of 1027?
0
What is the tens digit of 13985?
8
What is the tens digit of 2045?
4
What is the tens digit of 108457?
5
What is the units digit of 3601?
1
What is the hundreds digit of 6378?
3
What is the units digit of 311?
1
What is the thousands digit of 1137?
1
What is the units digit of 2296?
6
What is the units digit of 3021?
1
What is the tens digit of 4614?
1
What is the tens digit of 2013?
1
What is the tens digit of 421?
2
What is the hundreds digit of 1930?
9
What is the ten thousands digit of 96534?
9
What is the units digit of 56123?
3
What is the tens digit of 2260?
6
What is the units digit of 431?
1
What is the units digit of 3563?
3
What is the thousands digit of 20454?
0
What is the hundreds digit of 27179?
1
What is the units digit of 103?
3
What is the tens digit of 297?
9
What is the hundreds digit of 887?
8
What is the hundreds digit of 111428?
4
What is the units digit of 12775?
5
What is the tens digit of 3858?
5
What is the hundreds digit of 4354?
3
What is the hundreds digit of 1159?
1
What is the units digit of 20?
0
What is the units digit of 2057?
7
What is the hundreds digit of 280?
2
What is the thousands digit of 31861?
1
What is the units digit of 400?
0
What is the hundreds digit of 1098?
0
What is the hundreds digit of 3043?
0
What is the units digit of 547?
7
What is the tens digit of 3030?
3
What is the hundreds digit of 1250?
2
What is the hundreds digit of 532?
5
What is the units digit of 106669?
9
What is the ten thousands digit of 28116?
2
What is the units digit of 845?
5
What is the hundreds digit of 1632?
6
What is the hundreds digit of 939?
9
What is the thousands digit of 1